3?
False
Is 34 a factor of 853706?
True
Is 1260306 a multiple of 4?
False
Does 6 divide 13314451?
False
Is 17 a factor of 5133626?
True
Is 26 a factor of 101608?
True
Is 173 a factor of 7901?
False
Is 38254 a multiple of 617?
True
Does 18 divide 110394?
True
Is 52 a factor of 17632940?
True
Does 142 divide 591430?
True
Is 481 a factor of 93314?
True
Is 8 a factor of 68816?
True
Is 70074 a multiple of 51?
True
Is 233 a factor of 2752196?
True
Does 15 divide 17880?
True
Does 19 divide 629052?
True
Is 1056402 a multiple of 20?
False
Does 11 divide 546094?
False
Is 2 a factor of 141339?
False
Does 16 divide 3022626?
False
Is 22656 a multiple of 16?
True
Does 130 divide 15358850?
True
Does 157 divide 4130506?
False
Is 31 a factor of 367350?
True
Does 18 divide 4187034?
True
Is 7 a factor of 118838?
False
Is 6152896 a multiple of 64?
True
Does 344 divide 5232240?
True
Does 8 divide 1361346?
False
Is 118 a factor of 234146?
False
Is 712792 a multiple of 149?
False
Does 30 divide 5769621?
False
Is 8447900 a multiple of 127?
False
Does 49 divide 968644?
False
Is 52 a factor of 429229?
False
Is 7134576 a multiple of 38?
True
Is 137735 a multiple of 65?
True
Does 723 divide 204370?
False
Does 66 divide 2970?
True
Does 33 divide 2059431?
True
Does 49 divide 243677?
True
Is 2085 a factor of 2233035?
True
Does 140 divide 16505708?
False
Is 10 a factor of 60137?
False
Is 9 a factor of 82801?
False
Is 70209 a multiple of 74?
False
Does 17 divide 73083?
True
Is 1652 a factor of 4790800?
True
Is 281091 a multiple of 43?
True
Does 48 divide 142464?
True
Is 400 a factor of 5053243?
False
Does 902 divide 3994056?
True
Does 33 divide 15739719?
False
Is 66 a factor of 22858414?
False
Is 17 a factor of 1345130?
False
Is 41449 a multiple of 2?
False
Is 237693 a multiple of 42?
False
Is 37769 a multiple of 163?
False
Does 11 divide 376835?
False
Does 14 divide 176578?
False
Is 7 a factor of 39584?
False
Does 479 divide 5776114?
False
Is 495 a factor of 788535?
True
Is 173 a factor of 137486?
False
Does 625 divide 447047?
False
Does 79 divide 93852?
True
Does 112 divide 161228?
False
Is 331 a factor of 197030?
False
Does 21 divide 226890?
False
Is 10 a factor of 87113?
False
Is 34 a factor of 1782450?
True
Is 64 a factor of 10176562?
False
Is 130 a factor of 299780?
True
Is 71 a factor of 37288?
False
Is 104665 a multiple of 173?
True
Does 186 divide 413664?
True
Is 82620 a multiple of 9?
True
Does 22 divide 630366?
True
Does 16 divide 240315?
False
Is 17 a factor of 846136?
False
Is 113 a factor of 6571457?
False
Does 17 divide 62857?
False
Does 21 divide 95324?
False
Does 372 divide 1062856?
False
Is 78 a factor of 236188?
False
Is 436638 a multiple of 6?
True
Does 29 divide 86190?
False
Is 82453 a multiple of 43?
False
Does 97 divide 364412?
False
Is 15 a factor of 11927400?
True
Is 402750 a multiple of 225?
True
Is 11 a factor of 407683?
False
Does 354 divide 1797536?
False
Is 78 a factor of 484462?
False
Does 317 divide 155559?
False
Does 156 divide 176578?
False
Is 65827 a multiple of 2?
False
Is 53391 a multiple of 39?
True
Does 542 divide 14689826?
True
Is 734172 a multiple of 749?
False
Is 352 a factor of 2522432?
True
Does 33 divide 4178724?
True
Is 620361 a multiple of 387?
True
Does 14 divide 113796?
False
Is 2288250 a multiple of 375?
True
Does 361 divide 2906488?
False
Is 189719 a multiple of 81?
False
Is 373425 a multiple of 7?
False
Is 835 a factor of 683865?
True
Is 83715 a multiple of 3?
True
Is 1441239 a multiple of 3?
True
Is 325033 a multiple of 67?
False
Does 1558 divide 22767054?
True
Does 24 divide 27237656?
False
Is 1675903 a multiple of 555?
False
Is 668 a factor of 5996636?
True
Does 315 divide 3702811?
False
Does 14 divide 198049?
False
Is 9 a factor of 29614?
False
Does 97 divide 159953?
True
Is 101245 a multiple of 261?
False
Is 115666 a multiple of 16?
False
Is 823854 a multiple of 53?
False
Is 4599816 a multiple of 312?
True
Is 23 a factor of 127213?
True
Is 162 a factor of 142074?
True
Is 3 a factor of 4784?
False
Does 55 divide 1870397?
False
Does 153 divide 2991609?
True
Is 126369 a multiple of 12?
False
Is 32 a factor of 31902?
False
Is 5 a factor of 156795?
True
Is 13540 a multiple of 4?
True
Does 49 divide 10388?
True
Does 24 divide 4226472?
True
Is 1479799 a multiple of 398?
False
Does 3 divide 72559?
False
Does 678 divide 1510850?
False
Does 115 divide 324110?
False
Is 1220090 a multiple of 47?
False
Does 75 divide 2209575?
True
Is 250 a factor of 1582750?
True
Is 6509141 a multiple of 21?
False
Does 191 divide 178989?
False
Is 201222 a multiple of 126?
True
Does 443 divide 4930097?
False
Is 100 a factor of 23700?
True
Does 5 divide 39790?
True
Is 13 a factor of 220784?
False
Is 381367 a multiple of 301?
True
Is 51 a factor of 416200?
False
Is 3551210 a multiple of 200?
False
Does 56 divide 774536?
True
Does 327 divide 387495?
True
Is 24399 a multiple of 61?
False
Is 9 a factor of 4156691?
False
Is 16 a factor of 184385?
False
Is 2808409 even?
False
Does 467 divide 3248452?
True
Is 7 a factor of 750441?
False
Does 13 divide 179374?
True
Is 781035 a multiple of 15?
True
Is 5 a factor of 62885?
True
Is 1491499 a multiple of 77?
False
Is 183441 a multiple of 47?
True
Is 53 a factor of 21361?
False
Does 131 divide 2368571?
False
Does 60 divide 345240?
True
Is 64 a factor of 2162688?
True
Is 380 a factor of 1734230?
False
Is 5115368 a multiple of 136?
True
Is 157156 a multiple of 116?
False
Is 4061090 a multiple of 24?
False
Is 20 a factor of 17207708?
False
Is 67 a factor of 119193?
True
Is 3364029 a multiple of 261?
True
Does 437 divide 3285659?
False
Is 180970 a multiple of 29?
False
Is 5339649 a multiple of 742?
False
Is 585103 a multiple of 47?
True
Is 111 a factor of 134421?
True
Is 8 a factor of 170600?
True
Does 9 divide 5635120?
False
Is 805748 a multiple of 23?
False
Is 8457060 a multiple of 15?
True
Is 2648549 a multiple of 17?
True
Is 76560 a multiple of 16?
True
Is 5 a factor of 28230?
True
Is 4944824 a multiple of 1412?
True
Does 130 divide 2263520?
False
Is 43070 a multiple of 14?
False
Does 44 divide 56256?
False
Does 2227 divide 22128102?
False
Is 3210300 a multiple of 261?
True
Is 61 a factor of 3670906?
False
Is 55 a factor of 1690480?
True
Is 19 a factor of 4269946?
True
Is 1386609 a multiple of 7?
True
Does 13 divide 90675?
True
Does 567 divide 1881334?
False
Does 8 divide 66984?
True
Is 163664 a multiple of 16?
True
Does 14 divide 1432648?
True
Does 118 divide 154934?
True
Does 3 divide 102737?
False
Is 316661 a multiple of 21?
False
Is 534960 a multiple of 522?
False
Is 571 a factor of 2843513?
False
Does 23 divide 22149?
True
Is 1285 a factor of 9413910?
True
Is 138 a factor of 647082?
True
Is 269407 a multiple of 26?
False
Is 452428 a multiple of 38?
True
Is 2829809 a multiple of 22?
False
Is 447 a factor of 2141021?
False
Is 396610 a multiple of 85?
True
Does 11 divide 314523?
True
Does 95 divide 148485?
True
Is 869030 a multiple of 430?
True
Is 6033 a multiple of 2?
False
Is 1404428 a multiple of 110?
False
Is 22 a factor of 882051?
False
Does 5 divide 13043420?
True
Does 824 divide 294407?
False
Is 35478 a multiple of 53?
False
Is 67440 a multiple of 40?
True
Does 30 divide 264240?
True
Does 27 divide 299700?
True
Is 67 a factor of 1207675?
True
Does 112 divide 228144?
True
Is 211926 a multiple of 38?
True
Is 61 a factor of 2847136?
False
Does 72 divide 3528072?
True
Is 105840 a multiple of 19?
False
Is 240 a factor of 739680?
True
Is 47 a factor of 14576882?
False
Is 134652 a multiple of 6?
True
Does 3 divide 221798?
False
Does 70 divide 6852790?
True
Is 159 a factor of 8413427?
False
Is 232296 a multiple of 5?
False
Is 105 a factor of 495075?
True
Is 395380 a multiple of 106?
True
Is 26493 a multiple of 77?
False
Is 1897 a factor of 8623762?
True
Is 729283 a multiple of 16?
False
Does 7 divide 14154?
True
Does 21 divide 2557630?
False
Does 11 divide 48359?
False
Does 625 divide 2120729?
False
Is 4692187 a multiple of 408?
False
Does 32 divide 46653?
False
Is 8 a factor of 35905?
False
Is 47 a factor of 152656?
True
Is 43 a factor of 1021674?
False
Does 7 divide 432166?
True
Is 13 a factor of 781902?
False
Is 712 a factor of 591255?
False
Is 318488 a multiple of 41?
True
Does 1112 divide 2261571?
False